3
Let z(n) = n**3 + 7*n**2 - 6*n - 44. Let g be z(-5). Calculate the remainder when 1/6 + (-6)/(g/(-461)) is divided by 13.
12
Let j = 4252 + -4234. Let w = -16 - -57. Calculate the remainder when w is divided by j.
5
Suppose 9*h - 4*h = -165. Let u = h - -42. Suppose i - 15 = -0*i. What is the remainder when i is divided by u?
6
Let a = 2683 + -2191. Suppose 5*s - 322 = -4*v, 4*s - v = 79 + 166. What is the remainder when a is divided by s?
58
Suppose 5*u + 3579 = 2*x, -3*u + 1806 = -8*x + 9*x. What is the remainder when x is divided by 29?
28
Suppose -4*u + 2 = -f - 14, -f + 2*u - 6 = 0. Let g = f - -42. What is the remainder when g is divided by 32?
14
Let k(b) = -b**2 - 10*b - 2. Let l be (3/9 - 15/(-36))*-4. What is the remainder when 65 is divided by k(l)?
8
Let x = -1173 - -1640. What is the remainder when x is divided by 446?
21
Suppose -22*m + 27*m + 4*k - 12589 = 0, 3*m + 3*k - 7554 = 0. What is the remainder when m is divided by 84?
81
Let c(o) = 2*o + 4*o - 6 - 4. Suppose 5*z - 3*z = 6. Calculate the remainder when c(z) is divided by 5.
3
Let m = 381 + -346. Suppose -18*a + 23*a = m. Suppose -15 = -3*l, 7*l - 4*l + 50 = 5*x. Calculate the remainder when x is divided by a.
6
Suppose -2*i - i = -4*l - 676, -l - 4 = 0. Let o be ((-3)/(-5) + (-910)/(-25))/1. Let t = 74 - o. What is the remainder when i is divided by t?
35
Let r(h) = 7*h**2 + 2*h - 3. Let f be r(-3). Let d be 88*(3/14 + (-6)/(-21)). Let w = f - d. What is the remainder when 57 is divided by w?
7
Suppose -11*d + 67970 + 41357 - 19809 = 0. Calculate the remainder when d is divided by 185.
183
What is the remainder when 0 + (-3 - -1) + 4 + (-2 - -236) is divided by 120?
116
Let s be (1 - 13/4)*(-29 - -25). Suppose 3*j = 3*k - 39, -2*j - 3*k = 7 + s. Let y(w) = 2*w + 39. What is the remainder when 30 is divided by y(j)?
13
Let w be (-41 + 38)*(-13)/(-3)*-14. Let n(u) = 2*u + 6. Let p be n(3). What is the remainder when 18 is divided by (p/(-14))/((-26)/w)?
0
Let u(d) = d**3 + 6*d**2 + 4*d. Let l be u(-5). Suppose 3*x = 3*s - 21, -l*x = -0*x - 5. What is the remainder when s is divided by 4?
0
Suppose z + 4 = 19. Let i be 5/(-5) + 0/(-7). Calculate the remainder when ((-27)/5)/(i - 12/(-15)) is divided by z.
12
Let d be 18/4 + -5 - (-93)/6. Calculate the remainder when 8*d - (-2 + 8 - 3) is divided by (-2)/(-2)*19 + -4.
12
Let z(p) = -p**3 + 7*p**2 + p - 2. What is the remainder when 1796 is divided by z(6)?
36
Suppose -3*l + 4 = -5. Suppose -l*v + 223 = -4*m, -2*m + 88 = v - 3. What is the remainder when v is divided by 41?
40
Suppose 2*a = 5*k - 236, 0*k - 96 = a + 3*k. Let f = -71 - a. What is the remainder when 72 is divided by (-3)/(-6)*f + (-15)/(-10)?
12
Suppose 0 = 5*d - 25, 3*i + 4*d + 337 = -2703. Suppose 4*f - 140 = -0*f - 4*o, f - 43 = 3*o. Calculate the remainder when ((-4)/5)/(12/i) - -3 is divided by f.
34
Let q = 217 - 314. Let x = -68 - q. Let z = 88 + -33. What is the remainder when z is divided by x?
26
Suppose -o = 5*t - 2504, -6*o + 3*t + 2512 = -5*o. Suppose 0 = -21*y + 8*y + o. What is the remainder when y is divided by 39?
37
Let l = -15967 + 24191. Calculate the remainder when l is divided by 46.
36
Let t(a) = -2. Let l(s) = -s + 21. Let c(b) = 2*l(b) + 22*t(b). Let o be c(-6). Calculate the remainder when 2/(-12)*(o - 8)*-57 is divided by 6.
1
Suppose 4*n - 27 = -2*w + 7, 0 = 5*n - 2*w - 65. Let v = 45 + n. What is the remainder when 166 is divided by v?
54
Let z be -488*3/9*(-12)/8. Let h = z + -215. What is the remainder when 81 is divided by h?
23
Suppose 20520 = 5*w - 5*l, 9*w + 262*l - 258*l = 36832. What is the remainder when w is divided by 372?
4
Let t = 942 + -562. Suppose 12*x - 28 = t. Calculate the remainder when 98 is divided by x.
30
Suppose -2*w - 168 = 3*c, -4*c + w - 129 - 106 = 0. What is the remainder when 75 is divided by (-2 + 1 - c) + -34 + 30?
22
Suppose -2*b - 54*i = -57*i - 234, b = -4*i + 95. Calculate the remainder when b is divided by 35.
6
Suppose -3*r + 107 + 64 = 0. What is the remainder when 54/(6 + 3) + r is divided by 11?
8
Suppose -223*s = 60*s - 203194. Calculate the remainder when s is divided by 13.
3
Let y(d) = -d**3 - 108*d**2 + 110*d + 148. Calculate the remainder when y(-109) is divided by 38.
1
Let v(h) = 25*h - 5. Suppose 0 = -3*x - 14281 + 14500. What is the remainder when v(6) is divided by x?
72
Let s(f) = f**2 - 3*f - 4. Suppose 3*u = -u + 16, u = -2*o + 142. Calculate the remainder when o is divided by s(7).
21
Suppose -k + 0*k + 40 = -4*y, 2 = -2*y. Let a(b) = -b**2 + 5*b - 6. Let t be a(7). Let x = k + t. What is the remainder when 61 is divided by x?
13
Suppose -s + 0*q = -4*q, -s - 16 = 4*q. Let d(f) = -5*f - 37. Let r be d(s). What is the remainder when (-1)/(6*164/330 - r) is divided by 28?
27
What is the remainder when 170/(-1)*(35/(-2) + -1 + 13) is divided by 157?
150
Suppose 15*q = 14*q + 5*p + 4983, 5*p - 24825 = -5*q. Calculate the remainder when q is divided by 11.
7
Suppose -2*m + 3*s = -35, 2*m + 5*s = -48 + 123. Let a(f) = 5*f**2 + 21*f - 7. Calculate the remainder when m is divided by a(-5).
12
Let c = -22 + 44. Suppose -586 = 8*g + 278. Let b = g - -151. What is the remainder when b is divided by c?
21
Let j(n) = 3*n**2 - 10*n - 10. Suppose 0 = 8*q + 15*q - 115. What is the remainder when 237 is divided by j(q)?
12
Let k = 4 - 29. Let q be 1/(2 + k/15). Suppose -q*d + 60 = 2*d. What is the remainder when 44 is divided by d?
8
Suppose -3010*i + 2979*i + 434 = 0. Suppose 3*f = 5*f - u - 218, -2*f + 4*u = -212. Calculate the remainder when f is divided by i.
12
What is the remainder when 746 is divided by (-275)/15*(-114)/95?
20
Let v(m) = -2*m**2 + 90*m + 2409. Calculate the remainder when v(-17) is divided by 143.
15
Let f = -998 + 380. Let h = f + 632. Calculate the remainder when 320 is divided by h.
12
Let k(c) = 266*c. Let w(i) = -7*i. Let r(b) = 4*k(b) + 154*w(b). Let d(o) = 2*o**3 - 93*o**2 + 48*o + 15. What is the remainder when d(46) is divided by r(-2)?
23
Suppose -41474 = -74*f + 50138. Calculate the remainder when f is divided by 255.
218
What is the remainder when 301 is divided by 33/((-71 + 77)/(1*8))?
37
Suppose 4*v = -4*r + 480, 5*v - 120 = -r + 16. Calculate the remainder when 574 is divided by r.
110
Let d = 74 - 53. Calculate the remainder when (-93)/(1674/1248)*6/(-8) is divided by d.
10
Calculate the remainder when (-4815)/(-25) - 3 - (36/(-15) + 3) is divided by 97.
92
Let n(k) = 12*k**2 + k - 1. Let f be n(3). Let u be (-12545)/325 + (0 - (-9)/15). Let w = u + f. What is the remainder when w is divided by 19?
15
Suppose 9*u + 37793 - 276797 = 0. Calculate the remainder when u is divided by 98.
96
Let o(b) = -10*b. Let c be o(3). Let g be (-4)/c - (-3592)/60. Suppose 7*x - x = g. Calculate the remainder when 16 is divided by x.
6
Let m = -18 - -14. Let u(b) = b**2 - b - 3. Let j be u(m). Suppose 19 = 4*x - j. Calculate the remainder when x is divided by 4.
1
Suppose u + v = 4, 3*u = v + 11 + 5. Suppose -7*z = -19*z + 684. Let k = u + z. What is the remainder when k is divided by 18?
8
Let u(c) = 11*c**3 + 2*c**2 + 2*c - 2. Suppose 1027 - 286 = -13*h. Let i = h - -77. Calculate the remainder when u(2) is divided by i.
18
Suppose 50*m - 46*m = -4*f + 4972, 5*f - 3715 = -3*m. What is the remainder when m is divided by 114?
110
Suppose 5*k = -227 + 247. Calculate the remainder when (-3)/2*-1*120/18 is divided by k.
2
Suppose 0 = -8*u + 995 - 947. Let v be (-132)/(-55)*(-5)/(-2). What is the remainder when (2 + (2 - -14))*4/v is divided by u?
0
Suppose -3*f + 4*h = 1367 - 1613, 328 = 4*f - 3*h. Calculate the remainder when 308 is divided by f.
62
Let g = -30331 - -30355. Suppose 20 = 2*p + 5*z - 94, 3*z + 213 = 3*p. Calculate the remainder when p is divided by g.
19
Let z be 15/(-5) + (-2)/(-1) + 2. Let f(a) = 26*a - 2. What is the remainder when 188 is divided by f(z)?
20
Suppose a - w - 2*w = 27, 3*w + 12 = 0. Suppose a = 5*q - 0*q. Suppose q*j = 4*j - 26. Calculate the remainder when j is divided by 14.
12
Let o = 189 - 199. Calculate the remainder when 48 is divided by 21/5 + (1 - (-2)/o).
3
Suppose 295034 + 41491 = 35*d. What is the remainder when d is divided by 26?
21
Suppose -34*g + 576 = -1090. Suppose -487 = -637*o + 636*o. What is the remainder when o 